{"id":1222,"date":"2016-08-13T17:15:32","date_gmt":"2016-08-13T17:15:32","guid":{"rendered":"http:\/\/islamparatodos.com.br\/portal\/?page_id=1222"},"modified":"2024-02-06T14:07:51","modified_gmt":"2024-02-06T17:07:51","slug":"a-hegira-do-profeta","status":"publish","type":"page","link":"https:\/\/islamparatodos.com.br\/portal\/a-hegira-do-profeta\/","title":{"rendered":"A HEGIRA DO PROFETA"},"content":{"rendered":"<p>[vc_row row_type=&#8221;row&#8221; use_row_as_full_screen_section=&#8221;no&#8221; type=&#8221;full_width&#8221; angled_section=&#8221;no&#8221; text_align=&#8221;left&#8221; background_image_as_pattern=&#8221;without_pattern&#8221; css_animation=&#8221;&#8221;][vc_column][vc_column_text]<\/p>\n<h3 style=\"text-align: center;\">A H\u00e9gira (23 de setembro de 622 EC)<\/h3>\n<p>&nbsp;<\/p>\n<p class=\"w-body-text-1\" style=\"text-align: justify;\">Enquanto isso, o Profeta, com uns poucos \u00edntimos, esperava a ordem divina para se unir aos mu\u00e7ulmanos em Yathrib.\u00a0 N\u00e3o estava livre para emigrar at\u00e9 que esse comando viesse.\u00a0 Finalmente o comando veio.\u00a0 Ele deu um manto para Ali, dizendo-lhe para deitar na cama de modo que qualquer um que olhasse pensasse que Muhammad estava deitado l\u00e1.\u00a0 Os assassinos deviam atac\u00e1-lo quando sa\u00edsse da casa, \u00e0 noite ou cedo pela manh\u00e3.\u00a0 Ele sabia que n\u00e3o feririam Ali.\u00a0 Os assassinos j\u00e1 estavam cercando sua casa quando o Profeta Muhammad saiu sem ser visto.\u00a0 Foi para a casa de Abu Bakr e o chamou, e ambos foram juntos para uma caverna em um monte deserto, se escondendo l\u00e1 at\u00e9 que a confus\u00e3o tivesse passado. \u00a0O filho e filha de Abu Bakr e seu pastor lhes trouxeram comida e novidades depois da noite cair.\u00a0 Uma vez, um grupo de busca chegou t\u00e3o perto de seu esconderijo que puderam ouvir suas palavras. \u00a0Abu Bakr estava com medo e disse: \u201c\u00d3 Mensageiro de Deus, se um deles olhar para o pr\u00f3prio p\u00e9, nos ver\u00e1!\u201d O Profeta respondeu:<\/p>\n<p class=\"w-hadeeth-or-bible\" style=\"text-align: justify;\"><b><i>\u201cO que voc\u00ea pensa de duas pessoas com as quais Deus \u00e9 o Terceiro? N\u00e3o fique triste, porque de fato \u00a0 \u00a0 Deus est\u00e1 conosco.\u201d (Saheeh Al-Bukhari)<\/i><\/b><\/p>\n<p class=\"w-hadeeth-or-bible\" style=\"text-align: justify;\">.<\/p>\n<p class=\"w-body-text-1\" style=\"text-align: justify;\">Quando o grupo de busca partiu, Abu Bakr recebeu os camelos e o guia na caverna \u00e0 noite, e partiram para a longa cavalgada at\u00e9 Yathrib.<\/p>\n<p class=\"w-body-text-1\" style=\"text-align: justify;\">Depois de viajarem por muitos dias atrav\u00e9s de caminhos ermos, os fugitivos alcan\u00e7aram um sub\u00farbio de Yathrib chamado Qubaa, onde, algumas semanas antes, o povo da cidade ouviu que o Profeta tinha deixado Meca e, portanto, iam para os montes locais todas as manh\u00e3s, esperando pelo Profeta at\u00e9 que o calor os levasse a buscar abrigo. \u00a0\u00a0Os viajantes chegaram no calor do dia, ap\u00f3s os observadores terem se retirado.\u00a0 Um judeu que estava fora o viu se aproximando e avisou os mu\u00e7ulmanos que aquele que esperavam tinha finalmente chegado, e os mu\u00e7ulmanos foram para os montes de Qubaa para saud\u00e1-lo.<\/p>\n<p class=\"w-body-text-1\" style=\"text-align: justify;\">.<\/p>\n<p class=\"w-body-text-1\" style=\"text-align: justify;\">O Profeta ficou em Qubaa por alguns dias, e l\u00e1 estabeleceu a primeira mesquita do Isl\u00e3. \u00a0Ali, que tinha deixado Meca a p\u00e9 tr\u00eas dias depois do Profeta, tinha chegado tamb\u00e9m. \u00a0O Profeta, seus companheiros de Meca e os \u201cAjudantes\u201d de Qubaa o levaram para Medina, onde tinham antecipado ansiosamente sua chegada.<\/p>\n<p class=\"w-body-text-1\" style=\"text-align: justify;\">.<\/p>\n<p class=\"w-body-text-1\" style=\"text-align: justify;\">Os habitantes de Medina nunca viram um dia mais animado em sua hist\u00f3ria. \u00a0Anas, um amigo pr\u00f3ximo do Profeta, disse:<\/p>\n<p class=\"w-body-text-1\" style=\"text-align: justify;\">\u201c<b><i>Eu estava presente no dia que ele entrou em Medina e nunca vi um dia melhor ou mais animado que o dia que ele chegou para n\u00f3s em Medina. E estava presente no dia que ele morreu, e nunca vi um dia pior ou mais triste do que o dia no qual ele morreu.\u201d (Ahmed)<\/i><\/b><\/p>\n<p class=\"w-body-text-1\" style=\"text-align: justify;\">.<\/p>\n<p class=\"w-body-text-1\" style=\"text-align: justify;\">Toda casa em Medina queria que o Profeta ficasse com eles, e alguns tentaram levar sua camela para suas casas. \u00a0O Profeta os impediu e disse:<\/p>\n<p class=\"w-hadeeth-or-bible\" style=\"text-align: justify;\"><b><i>\u201cDeixe-a, porque ela est\u00e1 sob Comando (Divino)\u201d.<\/i><\/b><\/p>\n<p class=\"w-hadeeth-or-bible\" style=\"text-align: justify;\">.<\/p>\n<p class=\"w-body-text-1\" style=\"text-align: justify;\">Ela passou por muitas casas at\u00e9 que parou e se ajoelhou na terra de Banu Najjaar. \u00a0O Profeta n\u00e3o desceu at\u00e9 que a camela se levantou e andou um pouco, e ent\u00e3o se voltou para o local original e se ajoelhou novamente. \u00a0Nesse momento o Profeta desceu. \u00a0Ele ficou feliz com sua escolha, porque Banu Najjaar eram seus tios maternos e ele tamb\u00e9m desejava honr\u00e1-los. \u00a0Quando indiv\u00edduos da fam\u00edlia pediram que entrassem em suas casas, um certo Abu Ayyoub se adiantou para cuidar de sua sela e a levou para sua casa. \u00a0O Profeta disse:<\/p>\n<p class=\"w-hadeeth-or-bible\" style=\"text-align: justify;\"><b><i>\u201cUm homem vai com sua sela.\u201d (Saheeh Al-Bukhari, Saheeh Muslim)<\/i><\/b><\/p>\n<p class=\"w-hadeeth-or-bible\" style=\"text-align: justify;\">.<\/p>\n<p class=\"w-body-text-1\" style=\"text-align: justify;\">A primeira tarefa que empreendeu em Medina foi construir uma mesquita. <span class=\"maintext\">\u00a0O Profeta, que a miseric\u00f3rdia e as b\u00ean\u00e7\u00e3os de Deus estejam sobre ele, perguntou aos dois meninos que eram propriet\u00e1rios do armaz\u00e9m de t\u00e2maras o pre\u00e7o do dep\u00f3sito. \u00a0Eles responderam: \u201cN\u00e3o, faremos dele um presente para ti, \u00d3 Profeta (que a miseric\u00f3rdia e as b\u00ean\u00e7\u00e3os de Deus estejam sobre ele) de Deus!\u201d O Profeta (que a miseric\u00f3rdia e as b\u00ean\u00e7\u00e3os de Deus estejam sobre ele), entretanto, recusou sua oferta, pagou seu pre\u00e7o e construiu uma mesquita, tomando parte em sua constru\u00e7\u00e3o. \u00a0Enquanto trabalhava, foi ouvido dizendo:<\/span><\/p>\n<p class=\"w-hadeeth-or-bible\" style=\"text-align: justify;\"><b><i>\u201c\u00d3 Deus! N\u00e3o h\u00e1 bondade exceto a da Vida Futura ent\u00e3o, por favor, perdoe os Ajudantes e os Emigrantes.\u201d (Saheeh Al-Bukhari)<\/i><\/b><\/p>\n<p class=\"w-hadeeth-or-bible\" style=\"text-align: justify;\">.<\/p>\n<p class=\"w-body-text-1\" style=\"text-align: justify;\">A mesquita servia como local de adora\u00e7\u00e3o para os mu\u00e7ulmanos. \u00a0A ora\u00e7\u00e3o que antes era um ato individual realizado em segredo agora se tornou um assunto p\u00fablico, um que simboliza uma sociedade mu\u00e7ulmana. \u00a0O per\u00edodo no qual os mu\u00e7ulmanos e o Isl\u00e3 estavam subjugados e oprimidos tinha acabado e agora o adhan, o chamado para ora\u00e7\u00e3o, seria feito em voz alta, ecoando e penetrando as paredes de toda casa, chamando e lembrando os mu\u00e7ulmanos de cumprirem sua obriga\u00e7\u00e3o com seu Criador. \u00a0\u00a0A mesquita era um s\u00edmbolo da sociedade isl\u00e2mica. \u00a0Era um local de adora\u00e7\u00e3o, uma escola onde os mu\u00e7ulmanos se iluminavam sobre as verdades da religi\u00e3o, um local de reuni\u00e3o onde as diferen\u00e7as de v\u00e1rias partes em conflito se resolviam, e um pr\u00e9dio administrativo a partir do qual os assuntos referentes \u00e0 sociedade emanavam, um verdadeiro exemplo de como o Isl\u00e3 incorpora todos os aspectos da vida na religi\u00e3o. \u00a0Todas essas tarefas eram empreendidas em um local constru\u00eddo sobre os troncos de tamareiras cobertos com suas folhas.<\/p>\n<p class=\"w-body-text-1\" style=\"text-align: justify;\">.<\/p>\n<p class=\"w-body-text-1\" style=\"text-align: justify;\">Quando a primeira e mais importante tarefa foi conclu\u00edda, ele tamb\u00e9m fez casas em ambos os lados da mesquita para sua fam\u00edlia, dos mesmos materiais. \u00a0A mesquita e a casa do Profeta em Medina continuam hoje no mesmo lugar.<\/p>\n<p class=\"w-body-text-1\" style=\"text-align: justify;\">.<\/p>\n<p class=\"w-body-text-1\" style=\"text-align: justify;\">A H\u00e9gira havia sido completada.\u00a0 Era 23 de setembro de 622, e a Era Isl\u00e2mica, o calend\u00e1rio mu\u00e7ulmano, come\u00e7a no dia que esse evento ocorreu.\u00a0 E desse dia em diante Yathrib recebeu um novo nome, um nome de gl\u00f3ria: Madinat-un-Nabi, Cidade do Profeta, resumido, Medina.<\/p>\n<p class=\"w-body-text-1\" style=\"text-align: justify;\">Assim foi a H\u00e9gira, a emigra\u00e7\u00e3o de Meca para Yathrib.\u00a0 Os treze anos de humilha\u00e7\u00e3o, persegui\u00e7\u00e3o, de sucesso limitado, e de profecia ainda por se cumprir estavam para tr\u00e1s.<\/p>\n<p class=\"w-body-text-1\" style=\"text-align: justify;\">.<\/p>\n<p class=\"w-body-text-1\" style=\"text-align: justify;\">Os dez anos de sucesso, a plenitude que coroou o empenho de um homem, tinham come\u00e7ado.\u00a0 A H\u00e9gira fez uma divis\u00e3o clara na hist\u00f3ria da Miss\u00e3o do Profeta, que \u00e9 evidente do Alcor\u00e3o.\u00a0 At\u00e9 ent\u00e3o ele tinha sido apenas um pregador.\u00a0 Dali em diante ele era o governante de um Estado, a princ\u00edpio muito pequeno, mas que cresceu em dez anos para se tornar o imp\u00e9rio da Ar\u00e1bia.\u00a0 O tipo de orienta\u00e7\u00e3o que ele e seu povo precisavam depois da H\u00e9gira n\u00e3o era o mesmo daquele que tinham precisado antes.\u00a0 Os cap\u00edtulos de Medina diferem, consequentemente, dos cap\u00edtulos de Meca.\u00a0 Os \u00faltimos d\u00e3o orienta\u00e7\u00e3o \u00e0 alma individual e ao Profeta como Admoestador: os primeiros d\u00e3o orienta\u00e7\u00e3o a uma comunidade social e pol\u00edtica e ao Profeta como exemplo, legislador e reformador.<\/p>\n<p>[\/vc_column_text][\/vc_column][\/vc_row][vc_row row_type=&#8221;row&#8221; use_row_as_full_screen_section=&#8221;no&#8221; type=&#8221;full_width&#8221; angled_section=&#8221;no&#8221; text_align=&#8221;left&#8221; background_image_as_pattern=&#8221;without_pattern&#8221; css_animation=&#8221;&#8221;][vc_column][vc_empty_space][\/vc_column][\/vc_row]<\/p>\n","protected":false},"excerpt":{"rendered":"<p>[vc_row row_type=&#8221;row&#8221; use_row_as_full_screen_section=&#8221;no&#8221; type=&#8221;full_width&#8221; angled_section=&#8221;no&#8221; text_align=&#8221;left&#8221; background_image_as_pattern=&#8221;without_pattern&#8221; css_animation=&#8221;&#8221;][vc_column][vc_column_text] A H\u00e9gira (23 de setembro de 622 EC) &nbsp; Enquanto isso, o Profeta, com uns poucos \u00edntimos, esperava a ordem divina para se unir aos mu\u00e7ulmanos em Yathrib.\u00a0 N\u00e3o estava livre para emigrar at\u00e9 que esse comando&#8230;<\/p>\n","protected":false},"author":1,"featured_media":0,"parent":0,"menu_order":0,"comment_status":"closed","ping_status":"closed","template":"","meta":{"footnotes":""},"_links":{"self":[{"href":"https:\/\/islamparatodos.com.br\/portal\/wp-json\/wp\/v2\/pages\/1222"}],"collection":[{"href":"https:\/\/islamparatodos.com.br\/portal\/wp-json\/wp\/v2\/pages"}],"about":[{"href":"https:\/\/islamparatodos.com.br\/portal\/wp-json\/wp\/v2\/types\/page"}],"author":[{"embeddable":true,"href":"https:\/\/islamparatodos.com.br\/portal\/wp-json\/wp\/v2\/users\/1"}],"replies":[{"embeddable":true,"href":"https:\/\/islamparatodos.com.br\/portal\/wp-json\/wp\/v2\/comments?post=1222"}],"version-history":[{"count":2,"href":"https:\/\/islamparatodos.com.br\/portal\/wp-json\/wp\/v2\/pages\/1222\/revisions"}],"predecessor-version":[{"id":1377,"href":"https:\/\/islamparatodos.com.br\/portal\/wp-json\/wp\/v2\/pages\/1222\/revisions\/1377"}],"wp:attachment":[{"href":"https:\/\/islamparatodos.com.br\/portal\/wp-json\/wp\/v2\/media?parent=1222"}],"curies":[{"name":"wp","href":"https:\/\/api.w.org\/{rel}","templated":true}]}}

<p>[vc_row row_type=&#8221;row&#8221; use_row_as_full_screen_section=&#8221;no&#8221; type=&#8221;full_width&#8221; angled_section=&#8221;no&#8221; text_align=&#8221;left&#8221; background_image_as_pattern=&#8221;without_pattern&#8221; css_animation=&#8221;&#8221;][vc_column][vc_column_text]</p>
<h3 style="text-align: center;">A Hégira (23 de setembro de 622 EC)</h3>
<p>&nbsp;</p>
<p class="w-body-text-1" style="text-align: justify;">Enquanto isso, o Profeta, com uns poucos íntimos, esperava a ordem divina para se unir aos muçulmanos em Yathrib.  Não estava livre para emigrar até que esse comando viesse.  Finalmente o comando veio.  Ele deu um manto para Ali, dizendo-lhe para deitar na cama de modo que qualquer um que olhasse pensasse que Muhammad estava deitado lá.  Os assassinos deviam atacá-lo quando saísse da casa, à noite ou cedo pela manhã.  Ele sabia que não feririam Ali.  Os assassinos já estavam cercando sua casa quando o Profeta Muhammad saiu sem ser visto.  Foi para a casa de Abu Bakr e o chamou, e ambos foram juntos para uma caverna em um monte deserto, se escondendo lá até que a confusão tivesse passado.  O filho e filha de Abu Bakr e seu pastor lhes trouxeram comida e novidades depois da noite cair.  Uma vez, um grupo de busca chegou tão perto de seu esconderijo que puderam ouvir suas palavras.  Abu Bakr estava com medo e disse: “Ó Mensageiro de Deus, se um deles olhar para o próprio pé, nos verá!” O Profeta respondeu:</p>
<p class="w-hadeeth-or-bible" style="text-align: justify;"><b><i>“O que você pensa de duas pessoas com as quais Deus é o Terceiro? Não fique triste, porque de fato     Deus está conosco.” (Saheeh Al-Bukhari)</i></b></p>
<p class="w-hadeeth-or-bible" style="text-align: justify;">.</p>
<p class="w-body-text-1" style="text-align: justify;">Quando o grupo de busca partiu, Abu Bakr recebeu os camelos e o guia na caverna à noite, e partiram para a longa cavalgada até Yathrib.</p>
<p class="w-body-text-1" style="text-align: justify;">Depois de viajarem por muitos dias através de caminhos ermos, os fugitivos alcançaram um subúrbio de Yathrib chamado Qubaa, onde, algumas semanas antes, o povo da cidade ouviu que o Profeta tinha deixado Meca e, portanto, iam para os montes locais todas as manhãs, esperando pelo Profeta até que o calor os levasse a buscar abrigo.   Os viajantes chegaram no calor do dia, após os observadores terem se retirado.  Um judeu que estava fora o viu se aproximando e avisou os muçulmanos que aquele que esperavam tinha finalmente chegado, e os muçulmanos foram para os montes de Qubaa para saudá-lo.</p>
<p class="w-body-text-1" style="text-align: justify;">.</p>
<p class="w-body-text-1" style="text-align: justify;">O Profeta ficou em Qubaa por alguns dias, e lá estabeleceu a primeira mesquita do Islã.  Ali, que tinha deixado Meca a pé três dias depois do Profeta, tinha chegado também.  O Profeta, seus companheiros de Meca e os “Ajudantes” de Qubaa o levaram para Medina, onde tinham antecipado ansiosamente sua chegada.</p>
<p class="w-body-text-1" style="text-align: justify;">.</p>
<p class="w-body-text-1" style="text-align: justify;">Os habitantes de Medina nunca viram um dia mais animado em sua história.  Anas, um amigo próximo do Profeta, disse:</p>
<p class="w-body-text-1" style="text-align: justify;">“<b><i>Eu estava presente no dia que ele entrou em Medina e nunca vi um dia melhor ou mais animado que o dia que ele chegou para nós em Medina. E estava presente no dia que ele morreu, e nunca vi um dia pior ou mais triste do que o dia no qual ele morreu.” (Ahmed)</i></b></p>
<p class="w-body-text-1" style="text-align: justify;">.</p>
<p class="w-body-text-1" style="text-align: justify;">Toda casa em Medina queria que o Profeta ficasse com eles, e alguns tentaram levar sua camela para suas casas.  O Profeta os impediu e disse:</p>
<p class="w-hadeeth-or-bible" style="text-align: justify;"><b><i>“Deixe-a, porque ela está sob Comando (Divino)”.</i></b></p>
<p class="w-hadeeth-or-bible" style="text-align: justify;">.</p>
<p class="w-body-text-1" style="text-align: justify;">Ela passou por muitas casas até que parou e se ajoelhou na terra de Banu Najjaar.  O Profeta não desceu até que a camela se levantou e andou um pouco, e então se voltou para o local original e se ajoelhou novamente.  Nesse momento o Profeta desceu.  Ele ficou feliz com sua escolha, porque Banu Najjaar eram seus tios maternos e ele também desejava honrá-los.  Quando indivíduos da família pediram que entrassem em suas casas, um certo Abu Ayyoub se adiantou para cuidar de sua sela e a levou para sua casa.  O Profeta disse:</p>
<p class="w-hadeeth-or-bible" style="text-align: justify;"><b><i>“Um homem vai com sua sela.” (Saheeh Al-Bukhari, Saheeh Muslim)</i></b></p>
<p class="w-hadeeth-or-bible" style="text-align: justify;">.</p>
<p class="w-body-text-1" style="text-align: justify;">A primeira tarefa que empreendeu em Medina foi construir uma mesquita. <span class="maintext"> O Profeta, que a misericórdia e as bênçãos de Deus estejam sobre ele, perguntou aos dois meninos que eram proprietários do armazém de tâmaras o preço do depósito.  Eles responderam: “Não, faremos dele um presente para ti, Ó Profeta (que a misericórdia e as bênçãos de Deus estejam sobre ele) de Deus!” O Profeta (que a misericórdia e as bênçãos de Deus estejam sobre ele), entretanto, recusou sua oferta, pagou seu preço e construiu uma mesquita, tomando parte em sua construção.  Enquanto trabalhava, foi ouvido dizendo:</span></p>
<p class="w-hadeeth-or-bible" style="text-align: justify;"><b><i>“Ó Deus! Não há bondade exceto a da Vida Futura então, por favor, perdoe os Ajudantes e os Emigrantes.” (Saheeh Al-Bukhari)</i></b></p>
<p class="w-hadeeth-or-bible" style="text-align: justify;">.</p>
<p class="w-body-text-1" style="text-align: justify;">A mesquita servia como local de adoração para os muçulmanos.  A oração que antes era um ato individual realizado em segredo agora se tornou um assunto público, um que simboliza uma sociedade muçulmana.  O período no qual os muçulmanos e o Islã estavam subjugados e oprimidos tinha acabado e agora o adhan, o chamado para oração, seria feito em voz alta, ecoando e penetrando as paredes de toda casa, chamando e lembrando os muçulmanos de cumprirem sua obrigação com seu Criador.   A mesquita era um símbolo da sociedade islâmica.  Era um local de adoração, uma escola onde os muçulmanos se iluminavam sobre as verdades da religião, um local de reunião onde as diferenças de várias partes em conflito se resolviam, e um prédio administrativo a partir do qual os assuntos referentes à sociedade emanavam, um verdadeiro exemplo de como o Islã incorpora todos os aspectos da vida na religião.  Todas essas tarefas eram empreendidas em um local construído sobre os troncos de tamareiras cobertos com suas folhas.</p>
<p class="w-body-text-1" style="text-align: justify;">.</p>
<p class="w-body-text-1" style="text-align: justify;">Quando a primeira e mais importante tarefa foi concluída, ele também fez casas em ambos os lados da mesquita para sua família, dos mesmos materiais.  A mesquita e a casa do Profeta em Medina continuam hoje no mesmo lugar.</p>
<p class="w-body-text-1" style="text-align: justify;">.</p>
<p class="w-body-text-1" style="text-align: justify;">A Hégira havia sido completada.  Era 23 de setembro de 622, e a Era Islâmica, o calendário muçulmano, começa no dia que esse evento ocorreu.  E desse dia em diante Yathrib recebeu um novo nome, um nome de glória: Madinat-un-Nabi, Cidade do Profeta, resumido, Medina.</p>
<p class="w-body-text-1" style="text-align: justify;">Assim foi a Hégira, a emigração de Meca para Yathrib.  Os treze anos de humilhação, perseguição, de sucesso limitado, e de profecia ainda por se cumprir estavam para trás.</p>
<p class="w-body-text-1" style="text-align: justify;">.</p>
<p class="w-body-text-1" style="text-align: justify;">Os dez anos de sucesso, a plenitude que coroou o empenho de um homem, tinham começado.  A Hégira fez uma divisão clara na história da Missão do Profeta, que é evidente do Alcorão.  Até então ele tinha sido apenas um pregador.  Dali em diante ele era o governante de um Estado, a princípio muito pequeno, mas que cresceu em dez anos para se tornar o império da Arábia.  O tipo de orientação que ele e seu povo precisavam depois da Hégira não era o mesmo daquele que tinham precisado antes.  Os capítulos de Medina diferem, consequentemente, dos capítulos de Meca.  Os últimos dão orientação à alma individual e ao Profeta como Admoestador: os primeiros dão orientação a uma comunidade social e política e ao Profeta como exemplo, legislador e reformador.</p>
<p>[/vc_column_text][/vc_column][/vc_row][vc_row row_type=&#8221;row&#8221; use_row_as_full_screen_section=&#8221;no&#8221; type=&#8221;full_width&#8221; angled_section=&#8221;no&#8221; text_align=&#8221;left&#8221; background_image_as_pattern=&#8221;without_pattern&#8221; css_animation=&#8221;&#8221;][vc_column][vc_empty_space][/vc_column][/vc_row]</p>

<p>[vc_row row_type=&#8221;row&#8221; use_row_as_full_screen_section=&#8221;no&#8221; type=&#8221;full_width&#8221; angled_section=&#8221;no&#8221; text_align=&#8221;left&#8221; background_image_as_pattern=&#8221;without_pattern&#8221; css_animation=&#8221;&#8221;][vc_column][vc_column_text] A Hégira (23 de setembro de 622 EC) &nbsp; Enquanto isso, o Profeta, com uns poucos íntimos, esperava a ordem divina para se unir aos muçulmanos em Yathrib.  Não estava livre para emigrar até que esse comando&#8230;</p>
