{"id":1267,"date":"2024-02-06T14:08:05","date_gmt":"2024-02-06T17:08:05","guid":{"rendered":"http:\/\/islamparatodos.com.br\/portal\/?page_id=1267"},"modified":"2024-02-06T14:08:05","modified_gmt":"2024-02-06T17:08:05","slug":"o-tratado-de-hudaibiyyah","status":"publish","type":"page","link":"https:\/\/islamparatodos.com.br\/portal\/o-tratado-de-hudaibiyyah\/","title":{"rendered":"O TRATADO DE HUDAIBIYYAH"},"content":{"rendered":"<p>[vc_row row_type=&#8221;row&#8221; use_row_as_full_screen_section=&#8221;no&#8221; type=&#8221;full_width&#8221; angled_section=&#8221;no&#8221; text_align=&#8221;left&#8221; background_image_as_pattern=&#8221;without_pattern&#8221; css_animation=&#8221;&#8221;][vc_column width=&#8221;1\/2&#8243;][vc_column_text]<\/p>\n<h3 style=\"text-align: center;\">Puni\u00e7\u00e3o de Bani Quraida<\/h3>\n<p>[\/vc_column_text][vc_empty_space][vc_column_text]<\/p>\n<p class=\"w-body-text-1\" style=\"text-align: justify;\"><strong>Nada \u00e9 pior, aos olhos \u00e1rabes, do que a trai\u00e7\u00e3o da confian\u00e7a e a quebra de um compromisso solene<\/strong>.\u00a0 Agora era hora de lidar com Bani Quraida.<\/p>\n<p class=\"w-body-text-1\" style=\"text-align: justify;\">No dia do retorno da trincheira o Profeta ordenou guerra aos traidores Bani Quraida, que, conscientes de sua culpa, j\u00e1 tinham ido para suas fortalezas.\u00a0 Depois de um cerco de quase um m\u00eas eles tiveram que se render incondicionalmente.\u00a0 Apenas imploraram para que fossem julgados por um membro da tribo \u00e1rabe a qual pertenciam.\u00a0 Escolheram o chefe do cl\u00e3 com o qual tinham alian\u00e7a h\u00e1 muito tempo, Sa\u2019d ibn Mu\u2019\u0101dh dos Aws, que estava morrendo dos ferimentos recebidos em Uhud e teve que se restabelecer para dar o julgamento.\u00a0 Sem hesita\u00e7\u00e3o ele condenou os homens da tribo \u00e0 morte.<\/p>\n<p>[\/vc_column_text][vc_empty_space][vc_column_text]<\/p>\n<h3 style=\"text-align: center;\">Hudaibiyyah<\/h3>\n<p>[\/vc_column_text][vc_empty_space][vc_column_text]<\/p>\n<p style=\"text-align: justify;\">No mesmo ano o Profeta teve uma vis\u00e3o na qual entrava em Meca sem receber oposi\u00e7\u00e3o e assim resolveu tentar a peregrina\u00e7\u00e3o.\u00a0 Junto com v\u00e1rios mu\u00e7ulmanos de Medina, ele chamou os \u00e1rabes amigos para acompanh\u00e1-lo, cujos n\u00fameros haviam aumentado desde a milagrosa derrota dos cl\u00e3s na Batalha da Trincheira, mas a maioria deles n\u00e3o respondeu.\u00a0 Vestidos como peregrinos e levando as ofertas costumeiras, um grupo de quatorze homens viajou para Meca.\u00a0 Quando se aproximaram do vale encontraram um amigo da cidade, que avisou o Profeta de que os Coraixitas tinham jurado impedir sua entrada no santu\u00e1rio; sua cavalaria estava na estrada adiante.\u00a0 Ao saber disso o Profeta ordenou um desvio atrav\u00e9s dos desfiladeiros da montanha, e por isso os mu\u00e7ulmanos estavam exaustos quando finalmente desceram no vale de Meca e acamparam em um local chamado Hudaybiyyah; dali ele tentou abrir negocia\u00e7\u00f5es com os Coraixitas, para explicar que vinha apenas como peregrino.\u00a0 O primeiro mensageiro que enviou para a cidade foi maltratado e seu camelo teve o tend\u00e3o cortado.\u00a0 Ele retornou sem dar sua mensagem.\u00a0 Os Coraixitas, por outro lado, enviaram um emiss\u00e1rio com tom amea\u00e7ador e que era muito arrogante.\u00a0 Outro de seus emiss\u00e1rios falou de forma muito \u00edntima ao Profeta, e teve que ser lembrado de forma r\u00edgida do respeito devido a ele.\u00a0 Foi ele que falou, em seu retorno para a cidade de Meca: \u201cJ\u00e1 vi C\u00e9sar e Cosroes em sua pompa, mas nunca vi um homem honrado como Muhammad \u00e9 honrado por seus companheiros.\u201d<\/p>\n<p>&nbsp;<\/p>\n<p style=\"text-align: justify;\">O Profeta procurou enviar um mensageiro que imporia respeito.\u00a0 Uthman foi finalmente escolhido por causa de seu parentesco com a poderosa fam\u00edlia Om\u00edada.\u00a0 Enquanto os mu\u00e7ulmanos esperavam seu retorno chegou a not\u00edcia de que ele tinha sido assassinado.\u00a0 Foi ent\u00e3o que o Profeta, sentado sob uma \u00e1rvore em Hudaybiyyah, recebeu um compromisso de todos os seus companheiros de que ficariam de p\u00e9 ou cairiam juntos.\u00a0 Pouco depois, entretanto, se soube que Uthman n\u00e3o havia sido assassinado.\u00a0 Ent\u00e3o uma tropa que saiu da cidade para molestar os mu\u00e7ulmanos em seu campo foi capturada antes que pudesse fazer qualquer mal e trazida perante o Profeta, que os perdoou diante de sua promessa de renunciarem \u00e0 hostilidade.<\/p>\n<p>[\/vc_column_text][vc_empty_space][\/vc_column][vc_column width=&#8221;1\/2&#8243;][vc_column_text]<\/p>\n<h3 style=\"text-align: center;\">Tratado de Hudaibiyyah<\/h3>\n<p>[\/vc_column_text][vc_empty_space][vc_column_text]<\/p>\n<p style=\"text-align: justify;\">Finalmente emiss\u00e1rios adequados vieram dos Coraixitas.\u00a0 Depois de alguma negocia\u00e7\u00e3o o<strong> tratado de Hudaybiyyah foi assinado<\/strong>.\u00a0 Estipulava que por dez anos n\u00e3o haveria hostilidades entre as partes.\u00a0 O Profeta devia retornar para Medina sem visitar a Caaba, mas poderia realizar a peregrina\u00e7\u00e3o no ano seguinte com seus companheiros. <strong>Os Coraixitas prometeram que evacuariam Meca para permitir que isso acontecesse<\/strong>.\u00a0 Os desertores dos Coraixitas para os mu\u00e7ulmanos durante o per\u00edodo do tratado deviam ser devolvidos; mas n\u00e3o os desertores dos mu\u00e7ulmanos para os Coraixitas.\u00a0 Qualquer tribo ou cl\u00e3 que desejasse fazer parte do tratado como aliados do Profeta poderia faz\u00ea-lo, e qualquer tribo ou cl\u00e3 que desejasse fazer parte do tratado como aliados dos Coraixitas poderia faz\u00ea-lo.\u00a0 Houve decep\u00e7\u00e3o entre os mu\u00e7ulmanos em rela\u00e7\u00e3o a esses termos.\u00a0 Eles se perguntaram: <em>\u201cOnde est\u00e1 a vit\u00f3ria que nos foi prometida?\u201d<\/em><\/p>\n<p>&nbsp;<\/p>\n<p style=\"text-align: justify;\">Foi durante a viagem de volta de Hudaybiyyah que a surata chamada <strong>\u201cVit\u00f3ria\u201d foi revelada<\/strong>.\u00a0 Esse tratado provou ser, de fato, a maior vit\u00f3ria que os mu\u00e7ulmanos tinham alcan\u00e7ado at\u00e9 ent\u00e3o.\u00a0 A guerra tinha sido uma barreira entre eles e os id\u00f3latras, mas agora ambos os lados se encontravam e conversavam, e <strong>a nova religi\u00e3o se espalhou de forma mais r\u00e1pida<\/strong>.\u00a0 Nos dois anos entre a assinatura do tratado e a queda de Meca o n\u00famero de convertidos foi maior que o n\u00famero total de todos os convertidos anteriores.\u00a0 O Profeta viajou para Hudaybiyyah com 1.400 homens.\u00a0 Dois anos depois, quando os mecanos quebraram o tratado, marchou contra eles com um ex\u00e9rcito de 10.000.<\/p>\n<p>[\/vc_column_text][vc_empty_space][\/vc_column][\/vc_row]<\/p>\n","protected":false},"excerpt":{"rendered":"<p>[vc_row row_type=&#8221;row&#8221; use_row_as_full_screen_section=&#8221;no&#8221; type=&#8221;full_width&#8221; angled_section=&#8221;no&#8221; text_align=&#8221;left&#8221; background_image_as_pattern=&#8221;without_pattern&#8221; css_animation=&#8221;&#8221;][vc_column width=&#8221;1\/2&#8243;][vc_column_text] Puni\u00e7\u00e3o de Bani Quraida [\/vc_column_text][vc_empty_space][vc_column_text] Nada \u00e9 pior, aos olhos \u00e1rabes, do que a trai\u00e7\u00e3o da confian\u00e7a e a quebra de um compromisso solene.\u00a0 Agora era hora de lidar com Bani Quraida. No dia do retorno&#8230;<\/p>\n","protected":false},"author":1,"featured_media":0,"parent":0,"menu_order":0,"comment_status":"closed","ping_status":"closed","template":"","meta":{"footnotes":""},"_links":{"self":[{"href":"https:\/\/islamparatodos.com.br\/portal\/wp-json\/wp\/v2\/pages\/1267"}],"collection":[{"href":"https:\/\/islamparatodos.com.br\/portal\/wp-json\/wp\/v2\/pages"}],"about":[{"href":"https:\/\/islamparatodos.com.br\/portal\/wp-json\/wp\/v2\/types\/page"}],"author":[{"embeddable":true,"href":"https:\/\/islamparatodos.com.br\/portal\/wp-json\/wp\/v2\/users\/1"}],"replies":[{"embeddable":true,"href":"https:\/\/islamparatodos.com.br\/portal\/wp-json\/wp\/v2\/comments?post=1267"}],"version-history":[{"count":1,"href":"https:\/\/islamparatodos.com.br\/portal\/wp-json\/wp\/v2\/pages\/1267\/revisions"}],"predecessor-version":[{"id":1745,"href":"https:\/\/islamparatodos.com.br\/portal\/wp-json\/wp\/v2\/pages\/1267\/revisions\/1745"}],"wp:attachment":[{"href":"https:\/\/islamparatodos.com.br\/portal\/wp-json\/wp\/v2\/media?parent=1267"}],"curies":[{"name":"wp","href":"https:\/\/api.w.org\/{rel}","templated":true}]}}