{"id":1345,"date":"2024-02-06T14:07:51","date_gmt":"2024-02-06T17:07:51","guid":{"rendered":"http:\/\/islamparatodos.com.br\/portal\/?page_id=1345"},"modified":"2024-02-06T14:07:51","modified_gmt":"2024-02-06T17:07:51","slug":"ditos-do-profeta-muhammad","status":"publish","type":"page","link":"https:\/\/islamparatodos.com.br\/portal\/ditos-do-profeta-muhammad\/","title":{"rendered":"DITOS DO PROFETA MUHAMMAD"},"content":{"rendered":"<p>[vc_row row_type=&#8221;row&#8221; use_row_as_full_screen_section=&#8221;no&#8221; type=&#8221;full_width&#8221; angled_section=&#8221;no&#8221; text_align=&#8221;left&#8221; background_image_as_pattern=&#8221;without_pattern&#8221; css_animation=&#8221;&#8221;][vc_column width=&#8221;1\/3&#8243;][vc_column_text]<\/p>\n<h4><strong>\u21d2 Veremos nosso Senhor em breve!<\/strong><\/h4>\n<p>&nbsp;<\/p>\n<p style=\"text-align: justify;\">\u00a0&#8220;O Mensageiro de Allah (que a paz e ben\u00e7\u00e3o estejam sobre ele) veio at\u00e9 n\u00f3s na noite de lua cheia e disse: &#8220;Voc\u00eas ver\u00e3o o seu Senhor no Dia do Ju\u00edzo Final, assim como voc\u00eas veem a lua cheia e voc\u00eas n\u00e3o ter\u00e3o qualquer dificuldade em v\u00ea-lo.&#8221;<\/p>\n<p>&nbsp;<\/p>\n<p>Sahih Albukhary[\/vc_column_text][\/vc_column][vc_column width=&#8221;1\/3&#8243;][vc_column_text]<\/p>\n<h4><strong>\u21d2 Ora\u00e7\u00e3o longa ou Ora\u00e7\u00e3o curta? O que \u00e9 certo?!<\/strong><\/h4>\n<p>&nbsp;<\/p>\n<p style=\"text-align: justify;\">\u00a0&#8220;Se algum de voc\u00eas liderar a ora\u00e7\u00e3o em grupo dever\u00e1 encurtar a ora\u00e7\u00e3o por causa dos fracos, doentes e idosos presentes, e se algu\u00e9m entre voc\u00eas estiver orando sozinho, poder\u00e1 prolongar a ora\u00e7\u00e3o tanto quanto desejarem.&#8221;<\/p>\n<p>&nbsp;<\/p>\n<p>Sahih AlBukhary[\/vc_column_text][vc_empty_space][\/vc_column][vc_column width=&#8221;1\/3&#8243;][vc_column_text]<\/p>\n<h4>\u21d2 <strong>&#8220;Deus n\u00e3o frustar\u00e1 ningu\u00e9m, nem mesmo no equivalente ao peso de um \u00e1tomo&#8221; Alcor\u00e3o Sagrado 4:40<\/strong><\/h4>\n<p>&nbsp;<\/p>\n<p style=\"text-align: justify;\">&#8220;Sair\u00e1 do inferno aquele que tiver f\u00e9 no seu cora\u00e7\u00e3o ainda que seja no peso de uma formiga.&#8221;<\/p>\n<div class=\"text_exposed_show\">\n<p>&nbsp;<\/p>\n<p>Sunan Attirmidhi<\/p>\n<\/div>\n<p>[\/vc_column_text][\/vc_column][\/vc_row]<\/p>\n","protected":false},"excerpt":{"rendered":"<p>[vc_row row_type=&#8221;row&#8221; use_row_as_full_screen_section=&#8221;no&#8221; type=&#8221;full_width&#8221; angled_section=&#8221;no&#8221; text_align=&#8221;left&#8221; background_image_as_pattern=&#8221;without_pattern&#8221; css_animation=&#8221;&#8221;][vc_column width=&#8221;1\/3&#8243;][vc_column_text] \u21d2 Veremos nosso Senhor em breve! &nbsp; \u00a0&#8220;O Mensageiro de Allah (que a paz e ben\u00e7\u00e3o estejam sobre ele) veio at\u00e9 n\u00f3s na noite de lua cheia e disse: &#8220;Voc\u00eas ver\u00e3o o seu Senhor no Dia&#8230;<\/p>\n","protected":false},"author":1,"featured_media":0,"parent":0,"menu_order":0,"comment_status":"closed","ping_status":"closed","template":"","meta":{"footnotes":""},"_links":{"self":[{"href":"https:\/\/islamparatodos.com.br\/portal\/wp-json\/wp\/v2\/pages\/1345"}],"collection":[{"href":"https:\/\/islamparatodos.com.br\/portal\/wp-json\/wp\/v2\/pages"}],"about":[{"href":"https:\/\/islamparatodos.com.br\/portal\/wp-json\/wp\/v2\/types\/page"}],"author":[{"embeddable":true,"href":"https:\/\/islamparatodos.com.br\/portal\/wp-json\/wp\/v2\/users\/1"}],"replies":[{"embeddable":true,"href":"https:\/\/islamparatodos.com.br\/portal\/wp-json\/wp\/v2\/comments?post=1345"}],"version-history":[{"count":1,"href":"https:\/\/islamparatodos.com.br\/portal\/wp-json\/wp\/v2\/pages\/1345\/revisions"}],"predecessor-version":[{"id":1741,"href":"https:\/\/islamparatodos.com.br\/portal\/wp-json\/wp\/v2\/pages\/1345\/revisions\/1741"}],"wp:attachment":[{"href":"https:\/\/islamparatodos.com.br\/portal\/wp-json\/wp\/v2\/media?parent=1345"}],"curies":[{"name":"wp","href":"https:\/\/api.w.org\/{rel}","templated":true}]}}

<p>[vc_row row_type=&#8221;row&#8221; use_row_as_full_screen_section=&#8221;no&#8221; type=&#8221;full_width&#8221; angled_section=&#8221;no&#8221; text_align=&#8221;left&#8221; background_image_as_pattern=&#8221;without_pattern&#8221; css_animation=&#8221;&#8221;][vc_column width=&#8221;1/3&#8243;][vc_column_text]</p>
<h4><strong>⇒ Veremos nosso Senhor em breve!</strong></h4>
<p>&nbsp;</p>
<p style="text-align: justify;"> &#8220;O Mensageiro de Allah (que a paz e benção estejam sobre ele) veio até nós na noite de lua cheia e disse: &#8220;Vocês verão o seu Senhor no Dia do Juízo Final, assim como vocês veem a lua cheia e vocês não terão qualquer dificuldade em vê-lo.&#8221;</p>
<p>&nbsp;</p>
<p>Sahih Albukhary[/vc_column_text][/vc_column][vc_column width=&#8221;1/3&#8243;][vc_column_text]</p>
<h4><strong>⇒ Oração longa ou Oração curta? O que é certo?!</strong></h4>
<p>&nbsp;</p>
<p style="text-align: justify;"> &#8220;Se algum de vocês liderar a oração em grupo deverá encurtar a oração por causa dos fracos, doentes e idosos presentes, e se alguém entre vocês estiver orando sozinho, poderá prolongar a oração tanto quanto desejarem.&#8221;</p>
<p>&nbsp;</p>
<p>Sahih AlBukhary[/vc_column_text][vc_empty_space][/vc_column][vc_column width=&#8221;1/3&#8243;][vc_column_text]</p>
<h4>⇒ <strong>&#8220;Deus não frustará ninguém, nem mesmo no equivalente ao peso de um átomo&#8221; Alcorão Sagrado 4:40</strong></h4>
<p>&nbsp;</p>
<p style="text-align: justify;">&#8220;Sairá do inferno aquele que tiver fé no seu coração ainda que seja no peso de uma formiga.&#8221;</p>
<div class="text_exposed_show">
<p>&nbsp;</p>
<p>Sunan Attirmidhi</p>
</div>
<p>[/vc_column_text][/vc_column][/vc_row]</p>

<p>[vc_row row_type=&#8221;row&#8221; use_row_as_full_screen_section=&#8221;no&#8221; type=&#8221;full_width&#8221; angled_section=&#8221;no&#8221; text_align=&#8221;left&#8221; background_image_as_pattern=&#8221;without_pattern&#8221; css_animation=&#8221;&#8221;][vc_column width=&#8221;1/3&#8243;][vc_column_text] ⇒ Veremos nosso Senhor em breve! &nbsp;  &#8220;O Mensageiro de Allah (que a paz e benção estejam sobre ele) veio até nós na noite de lua cheia e disse: &#8220;Vocês verão o seu Senhor no Dia&#8230;</p>
