{"id":1558,"date":"2024-02-06T14:08:05","date_gmt":"2024-02-06T17:08:05","guid":{"rendered":"http:\/\/islamparatodos.com.br\/portal\/?page_id=1558"},"modified":"2024-02-06T14:08:05","modified_gmt":"2024-02-06T17:08:05","slug":"tenho-medo-de-perder-minha-cultura","status":"publish","type":"page","link":"https:\/\/islamparatodos.com.br\/portal\/tenho-medo-de-perder-minha-cultura\/","title":{"rendered":"TENHO MEDO DE PERDER MINHA CULTURA"},"content":{"rendered":"<p>[vc_row row_type=&#8221;row&#8221; use_row_as_full_screen_section=&#8221;no&#8221; type=&#8221;full_width&#8221; angled_section=&#8221;no&#8221; text_align=&#8221;left&#8221; background_image_as_pattern=&#8221;without_pattern&#8221; css_animation=&#8221;&#8221;][vc_column width=&#8221;1\/2&#8243;][vc_column_text]<\/p>\n<h3 style=\"text-align: center;\"><span id=\"result_box\" class=\"\" lang=\"pt\"><strong><span class=\"\">N\u00c3O \u00c9 VERDADE QUE VOC\u00ca VAI PERDER A SUA CULTURA SE VOC\u00ca FOR MU\u00c7ULMANO<\/span><\/strong><br \/>\n<\/span><\/h3>\n<p>[\/vc_column_text][vc_empty_space][vc_column_text]<\/p>\n<p style=\"text-align: justify;\"><span id=\"result_box\" class=\"\" lang=\"pt\"><span class=\"\">Muitas pessoas<\/span> <span class=\"\">n\u00e3o compreendem<\/span> <span class=\"\">isso.<\/span> <span class=\"\">No Ocidente<\/span><span class=\"\">, pensa-se<\/span> <span class=\"\">que quando algu\u00e9m<\/span> <span class=\"\">se torna um<\/span> <span class=\"\"><strong>mu\u00e7ulmano<\/strong>,<\/span> <span class=\"\">ele se torna<\/span> <span class=\"\">um <strong>\u00e1rabe<\/strong><\/span> <span class=\"\">tamb\u00e9m.<\/span><br \/>\n<\/span><\/p>\n<p>&nbsp;<\/p>\n<p style=\"text-align: justify;\"><span id=\"result_box\" class=\"\" lang=\"pt\">Esta <strong>confus\u00e3o<\/strong> s\u00f3 \u00e9 criada por <strong>pessoas de mente estreita<\/strong> que n\u00e3o entendem. <strong>Deus nos fez de muitas ra\u00e7as, muitas culturas e muitas l\u00ednguas tamb\u00e9m.<\/strong> Uma das muitas belezas das cria\u00e7\u00f5es de Deus \u00e9 que n\u00f3s mu\u00e7ulmanos temos a nossa pr\u00f3pria cultura e devemos apreciar isso.<br \/>\n<\/span><\/p>\n<p>&nbsp;<\/p>\n<p style=\"text-align: justify;\">Mas claro, isso n\u00e3o nos deve tornar ego\u00edstas com nossa pr\u00f3pria cultura. Devemos compartilhar o que sabemos com nossos irm\u00e3os e irm\u00e3s do ISLAM. <strong>Ser mu\u00e7ulmano \u00e9 ter sua pr\u00f3pria cultura, dentro do seu pa\u00eds<\/strong>. <strong>Mu\u00e7ulmanos<\/strong> podem ser <strong>brasileiros, chineses, europeus, african<\/strong>os etc. Cada um vivendo no seu pa\u00eds e vivendo a sua pr\u00f3pria cultura.<\/p>\n<p>\u00a0[\/vc_column_text][\/vc_column][vc_column width=&#8221;1\/2&#8243;][vc_empty_space][vc_column_text]<img loading=\"lazy\" decoding=\"async\" class=\"wp-image-1465 aligncenter\" src=\"https:\/\/islamparatodos.com.br\/portal\/wp-content\/uploads\/2016\/08\/amigas-mu\u00e7ulmanas-1-300x206.jpg\" alt=\"amigas-mu\u00e7ulmanas\" width=\"348\" height=\"239\" \/>[\/vc_column_text][\/vc_column][\/vc_row]<\/p>\n","protected":false},"excerpt":{"rendered":"<p>[vc_row row_type=&#8221;row&#8221; use_row_as_full_screen_section=&#8221;no&#8221; type=&#8221;full_width&#8221; angled_section=&#8221;no&#8221; text_align=&#8221;left&#8221; background_image_as_pattern=&#8221;without_pattern&#8221; css_animation=&#8221;&#8221;][vc_column width=&#8221;1\/2&#8243;][vc_column_text] N\u00c3O \u00c9 VERDADE QUE VOC\u00ca VAI PERDER A SUA CULTURA SE VOC\u00ca FOR MU\u00c7ULMANO [\/vc_column_text][vc_empty_space][vc_column_text] Muitas pessoas n\u00e3o compreendem isso. No Ocidente, pensa-se que quando algu\u00e9m se torna um mu\u00e7ulmano, ele se torna um \u00e1rabe tamb\u00e9m&#8230;.<\/p>\n","protected":false},"author":1,"featured_media":0,"parent":0,"menu_order":0,"comment_status":"closed","ping_status":"closed","template":"","meta":{"footnotes":""},"_links":{"self":[{"href":"https:\/\/islamparatodos.com.br\/portal\/wp-json\/wp\/v2\/pages\/1558"}],"collection":[{"href":"https:\/\/islamparatodos.com.br\/portal\/wp-json\/wp\/v2\/pages"}],"about":[{"href":"https:\/\/islamparatodos.com.br\/portal\/wp-json\/wp\/v2\/types\/page"}],"author":[{"embeddable":true,"href":"https:\/\/islamparatodos.com.br\/portal\/wp-json\/wp\/v2\/users\/1"}],"replies":[{"embeddable":true,"href":"https:\/\/islamparatodos.com.br\/portal\/wp-json\/wp\/v2\/comments?post=1558"}],"version-history":[{"count":1,"href":"https:\/\/islamparatodos.com.br\/portal\/wp-json\/wp\/v2\/pages\/1558\/revisions"}],"predecessor-version":[{"id":1754,"href":"https:\/\/islamparatodos.com.br\/portal\/wp-json\/wp\/v2\/pages\/1558\/revisions\/1754"}],"wp:attachment":[{"href":"https:\/\/islamparatodos.com.br\/portal\/wp-json\/wp\/v2\/media?parent=1558"}],"curies":[{"name":"wp","href":"https:\/\/api.w.org\/{rel}","templated":true}]}}

<p>[vc_row row_type=&#8221;row&#8221; use_row_as_full_screen_section=&#8221;no&#8221; type=&#8221;full_width&#8221; angled_section=&#8221;no&#8221; text_align=&#8221;left&#8221; background_image_as_pattern=&#8221;without_pattern&#8221; css_animation=&#8221;&#8221;][vc_column width=&#8221;1/2&#8243;][vc_column_text]</p>
<h3 style="text-align: center;"><span id="result_box" class="" lang="pt"><strong><span class="">NÃO É VERDADE QUE VOCÊ VAI PERDER A SUA CULTURA SE VOCÊ FOR MUÇULMANO</span></strong><br />
</span></h3>
<p>[/vc_column_text][vc_empty_space][vc_column_text]</p>
<p style="text-align: justify;"><span id="result_box" class="" lang="pt"><span class="">Muitas pessoas</span> <span class="">não compreendem</span> <span class="">isso.</span> <span class="">No Ocidente</span><span class="">, pensa-se</span> <span class="">que quando alguém</span> <span class="">se torna um</span> <span class=""><strong>muçulmano</strong>,</span> <span class="">ele se torna</span> <span class="">um <strong>árabe</strong></span> <span class="">também.</span><br />
</span></p>
<p>&nbsp;</p>
<p style="text-align: justify;"><span id="result_box" class="" lang="pt">Esta <strong>confusão</strong> só é criada por <strong>pessoas de mente estreita</strong> que não entendem. <strong>Deus nos fez de muitas raças, muitas culturas e muitas línguas também.</strong> Uma das muitas belezas das criações de Deus é que nós muçulmanos temos a nossa própria cultura e devemos apreciar isso.<br />
</span></p>
<p>&nbsp;</p>
<p style="text-align: justify;">Mas claro, isso não nos deve tornar egoístas com nossa própria cultura. Devemos compartilhar o que sabemos com nossos irmãos e irmãs do ISLAM. <strong>Ser muçulmano é ter sua própria cultura, dentro do seu país</strong>. <strong>Muçulmanos</strong> podem ser <strong>brasileiros, chineses, europeus, african</strong>os etc. Cada um vivendo no seu país e vivendo a sua própria cultura.</p>
<p> [/vc_column_text][/vc_column][vc_column width=&#8221;1/2&#8243;][vc_empty_space][vc_column_text]<img loading="lazy" decoding="async" class="wp-image-1465 aligncenter" src="https://islamparatodos.com.br/portal/wp-content/uploads/2016/08/amigas-muçulmanas-1-300x206.jpg" alt="amigas-muçulmanas" width="348" height="239" />[/vc_column_text][/vc_column][/vc_row]</p>

<p>[vc_row row_type=&#8221;row&#8221; use_row_as_full_screen_section=&#8221;no&#8221; type=&#8221;full_width&#8221; angled_section=&#8221;no&#8221; text_align=&#8221;left&#8221; background_image_as_pattern=&#8221;without_pattern&#8221; css_animation=&#8221;&#8221;][vc_column width=&#8221;1/2&#8243;][vc_column_text] NÃO É VERDADE QUE VOCÊ VAI PERDER A SUA CULTURA SE VOCÊ FOR MUÇULMANO [/vc_column_text][vc_empty_space][vc_column_text] Muitas pessoas não compreendem isso. No Ocidente, pensa-se que quando alguém se torna um muçulmano, ele se torna um árabe também&#8230;.</p>
